{"id":465,"date":"2017-01-19T22:28:01","date_gmt":"2017-01-19T21:28:01","guid":{"rendered":"http:\/\/www.gruposcoutphoenix.com\/blog\/?page_id=465"},"modified":"2018-10-07T21:06:05","modified_gmt":"2018-10-07T20:06:05","slug":"clan","status":"publish","type":"page","link":"http:\/\/www.gruposcoutphoenix.com\/blog\/secciones\/clan\/","title":{"rendered":"5. Clan"},"content":{"rendered":"<p><strong>CLAN<\/strong><\/p>\n<p>Los integrantes del <span class=\"bold\">Clan<\/span> son los <span class=\"bold\">Rovers<\/span>.<\/p>\n<p>La \u00faltima etapa de la educaci\u00f3n scout es el Clan Rover, formado por j\u00f3venes a partir de 17 a\u00f1os. Ser rover, es vivir intensamente cada paso, tomar las riendas y hacer un proyecto de su propia vida, empe\u00f1arse en cambiar el mundo y, sobre todo, creer que es posible.<\/p>\n<p>Se comprometen colectiva e individualmente en acciones de cambio y se esfuerzan por crecer al tiempo como persona. Elaboran sus propios proyectos personales, se marcan metas y se ayudan mutuamente a madurar y crecer como adultos comprometidos.<\/p>\n<p>Colectivamente, se esfuerzan por hacer suya la m\u00e1xima scout de tratar de dejar el mundo en mejores condiciones de c\u00f3mo lo encontramos. Son j\u00f3venes comprometidos socialmente, dinamizan, conciencian y ayudan a los dem\u00e1s con la esperanza de cambiar el mundo.<\/p>\n<p>Los encontrar\u00e9is trabajando en el barrio, o dinamizando a sus compa\u00f1eros de clase o de trabajo aunque nadie sepa que son scouts. Su lema es <b>Servir<\/b>.<\/p>\n<p><a href=\"http:\/\/www.gruposcoutphoenix.com\/blog\/wp-content\/uploads\/2017\/01\/DSC0426.jpg\"><img loading=\"lazy\" class=\"aligncenter wp-image-687 size-large\" src=\"http:\/\/www.gruposcoutphoenix.com\/blog\/wp-content\/uploads\/2017\/01\/DSC0426-1030x682.jpg\" alt=\"\" width=\"1030\" height=\"682\" srcset=\"http:\/\/www.gruposcoutphoenix.com\/blog\/wp-content\/uploads\/2017\/01\/DSC0426-1030x682.jpg 1030w, http:\/\/www.gruposcoutphoenix.com\/blog\/wp-content\/uploads\/2017\/01\/DSC0426-300x199.jpg 300w, http:\/\/www.gruposcoutphoenix.com\/blog\/wp-content\/uploads\/2017\/01\/DSC0426-768x509.jpg 768w, http:\/\/www.gruposcoutphoenix.com\/blog\/wp-content\/uploads\/2017\/01\/DSC0426-1500x994.jpg 1500w, http:\/\/www.gruposcoutphoenix.com\/blog\/wp-content\/uploads\/2017\/01\/DSC0426-705x467.jpg 705w, http:\/\/www.gruposcoutphoenix.com\/blog\/wp-content\/uploads\/2017\/01\/DSC0426-450x298.jpg 450w\" sizes=\"(max-width: 1030px) 100vw, 1030px\" \/><\/a><\/p>\n<div data-animation=\"no-animation\" data-icons-animation=\"no-animation\" data-overlay=\"\" data-change-size=\"\" data-button-size=\"1\" style=\"font-size:1em!important;display:none;\" class=\"supsystic-social-sharing supsystic-social-sharing-package-flat supsystic-social-sharing-content supsystic-social-sharing-content-align-center\" data-text=\"\"><a data-networks=\"[]\" class=\"social-sharing-button sharer-flat sharer-flat-5 counter-standard without-counter facebook\" target=\"_blank\" title=\"Facebook\" href=\"http:\/\/www.facebook.com\/sharer.php?u=http%3A%2F%2Fwww.gruposcoutphoenix.com%2Fblog%2Fsecciones%2Fclan%2F\" data-main-href=\"http:\/\/www.facebook.com\/sharer.php?u={url}\" data-nid=\"1\" data-name=\"\" data-pid=\"1\" data-post-id=\"465\" data-url=\"http:\/\/www.gruposcoutphoenix.com\/blog\/wp-admin\/admin-ajax.php\" data-description=\"5. Clan\" rel=\"nofollow\" data-mailto=\"\"><i class=\"fa-ssbs fa-ssbs-fw fa-ssbs-facebook\"><\/i><div class=\"counter-wrap standard\"><span class=\"counter\">119<\/span><\/div><\/a><a data-networks=\"[]\" class=\"social-sharing-button sharer-flat sharer-flat-5 counter-standard without-counter twitter\" target=\"_blank\" title=\"Twitter\" href=\"https:\/\/twitter.com\/share?url=http%3A%2F%2Fwww.gruposcoutphoenix.com%2Fblog%2Fsecciones%2Fclan%2F&text=Nuevo+post%3A+5.+Clan\" data-main-href=\"https:\/\/twitter.com\/share?url={url}&text={title}\" data-nid=\"2\" data-name=\"\" data-pid=\"1\" data-post-id=\"465\" data-url=\"http:\/\/www.gruposcoutphoenix.com\/blog\/wp-admin\/admin-ajax.php\" data-description=\"5. Clan\" rel=\"nofollow\" data-mailto=\"\"><i class=\"fa-ssbs fa-ssbs-fw fa-ssbs-twitter\"><\/i><div class=\"counter-wrap standard\"><span class=\"counter\">34<\/span><\/div><\/a><a data-networks=\"[]\" class=\"social-sharing-button sharer-flat sharer-flat-5 counter-standard without-counter whatsapp\" target=\"_blank\" title=\"WhatsApp\" href=\"https:\/\/web.whatsapp.com\/send?text=http%3A%2F%2Fwww.gruposcoutphoenix.com%2Fblog%2Fsecciones%2Fclan%2F\" data-main-href=\"https:\/\/web.whatsapp.com\/send?text={url}\" data-nid=\"18\" data-name=\"\" data-pid=\"1\" data-post-id=\"465\" data-url=\"http:\/\/www.gruposcoutphoenix.com\/blog\/wp-admin\/admin-ajax.php\" data-description=\"5. Clan\" rel=\"nofollow\" data-mailto=\"\"><i class=\"fa-ssbs fa-ssbs-fw fa-ssbs-whatsapp\"><\/i><div class=\"counter-wrap standard\"><span class=\"counter\">113<\/span><\/div><\/a><\/div>","protected":false},"excerpt":{"rendered":"<p>CLAN Los integrantes del Clan son los Rovers. La \u00faltima etapa de la educaci\u00f3n scout es el Clan Rover, formado por j\u00f3venes a partir de 17 a\u00f1os. Ser rover, es vivir intensamente cada paso, tomar las riendas y hacer un proyecto de su propia vida, empe\u00f1arse en cambiar el mundo y, sobre todo, creer que [&hellip;]<\/p>\n<div data-animation=\"no-animation\" data-icons-animation=\"no-animation\" data-overlay=\"\" data-change-size=\"\" data-button-size=\"1\" style=\"font-size:1em!important;display:none;\" class=\"supsystic-social-sharing supsystic-social-sharing-package-flat supsystic-social-sharing-content supsystic-social-sharing-content-align-center\" data-text=\"\"><a data-networks=\"[]\" class=\"social-sharing-button sharer-flat sharer-flat-5 counter-standard without-counter facebook\" target=\"_blank\" title=\"Facebook\" href=\"http:\/\/www.facebook.com\/sharer.php?u=http%3A%2F%2Fwww.gruposcoutphoenix.com%2Fblog%2Fsecciones%2Fclan%2F\" data-main-href=\"http:\/\/www.facebook.com\/sharer.php?u={url}\" data-nid=\"1\" data-name=\"\" data-pid=\"1\" data-post-id=\"465\" data-url=\"http:\/\/www.gruposcoutphoenix.com\/blog\/wp-admin\/admin-ajax.php\" data-description=\"5. Clan\" rel=\"nofollow\" data-mailto=\"\"><i class=\"fa-ssbs fa-ssbs-fw fa-ssbs-facebook\"><\/i><div class=\"counter-wrap standard\"><span class=\"counter\">119<\/span><\/div><\/a><a data-networks=\"[]\" class=\"social-sharing-button sharer-flat sharer-flat-5 counter-standard without-counter twitter\" target=\"_blank\" title=\"Twitter\" href=\"https:\/\/twitter.com\/share?url=http%3A%2F%2Fwww.gruposcoutphoenix.com%2Fblog%2Fsecciones%2Fclan%2F&text=Nuevo+post%3A+5.+Clan\" data-main-href=\"https:\/\/twitter.com\/share?url={url}&text={title}\" data-nid=\"2\" data-name=\"\" data-pid=\"1\" data-post-id=\"465\" data-url=\"http:\/\/www.gruposcoutphoenix.com\/blog\/wp-admin\/admin-ajax.php\" data-description=\"5. Clan\" rel=\"nofollow\" data-mailto=\"\"><i class=\"fa-ssbs fa-ssbs-fw fa-ssbs-twitter\"><\/i><div class=\"counter-wrap standard\"><span class=\"counter\">34<\/span><\/div><\/a><a data-networks=\"[]\" class=\"social-sharing-button sharer-flat sharer-flat-5 counter-standard without-counter whatsapp\" target=\"_blank\" title=\"WhatsApp\" href=\"https:\/\/web.whatsapp.com\/send?text=http%3A%2F%2Fwww.gruposcoutphoenix.com%2Fblog%2Fsecciones%2Fclan%2F\" data-main-href=\"https:\/\/web.whatsapp.com\/send?text={url}\" data-nid=\"18\" data-name=\"\" data-pid=\"1\" data-post-id=\"465\" data-url=\"http:\/\/www.gruposcoutphoenix.com\/blog\/wp-admin\/admin-ajax.php\" data-description=\"5. Clan\" rel=\"nofollow\" data-mailto=\"\"><i class=\"fa-ssbs fa-ssbs-fw fa-ssbs-whatsapp\"><\/i><div class=\"counter-wrap standard\"><span class=\"counter\">113<\/span><\/div><\/a><\/div>","protected":false},"author":58,"featured_media":0,"parent":450,"menu_order":4,"comment_status":"closed","ping_status":"closed","template":"","meta":[],"_links":{"self":[{"href":"http:\/\/www.gruposcoutphoenix.com\/blog\/wp-json\/wp\/v2\/pages\/465"}],"collection":[{"href":"http:\/\/www.gruposcoutphoenix.com\/blog\/wp-json\/wp\/v2\/pages"}],"about":[{"href":"http:\/\/www.gruposcoutphoenix.com\/blog\/wp-json\/wp\/v2\/types\/page"}],"author":[{"embeddable":true,"href":"http:\/\/www.gruposcoutphoenix.com\/blog\/wp-json\/wp\/v2\/users\/58"}],"replies":[{"embeddable":true,"href":"http:\/\/www.gruposcoutphoenix.com\/blog\/wp-json\/wp\/v2\/comments?post=465"}],"version-history":[{"count":8,"href":"http:\/\/www.gruposcoutphoenix.com\/blog\/wp-json\/wp\/v2\/pages\/465\/revisions"}],"predecessor-version":[{"id":2371,"href":"http:\/\/www.gruposcoutphoenix.com\/blog\/wp-json\/wp\/v2\/pages\/465\/revisions\/2371"}],"up":[{"embeddable":true,"href":"http:\/\/www.gruposcoutphoenix.com\/blog\/wp-json\/wp\/v2\/pages\/450"}],"wp:attachment":[{"href":"http:\/\/www.gruposcoutphoenix.com\/blog\/wp-json\/wp\/v2\/media?parent=465"}],"curies":[{"name":"wp","href":"https:\/\/api.w.org\/{rel}","templated":true}]}}